 r/9*(-1 + -1 + 116). What is the highest common divisor of c and b?
38
Let m(y) = 47*y**2 - 118*y - 1335. Let i be m(-11). Calculate the greatest common factor of 350 and i.
50
Let g = 393 - 32. What is the greatest common divisor of 19 and g?
19
Let j be ((-36)/24)/((-2)/4). Suppose -5*f + g = 4*g, -5*f - 30 = -j*g. Let n be (f - -3)/(-3) - -18. Calculate the greatest common divisor of n and 45.
9
Suppose 4*h + 5*n - 80 = 0, 909*h + 50 = 910*h + 5*n. Let k(i) = -9*i**3 + 2*i**2 - 2*i + 3. Let x be k(-3). What is the highest common factor of h and x?
10
Suppose n = -2*d + 2964, 5*n - 8446 = 2*d + 6410. Calculate the highest common factor of n and 440.
110
Let v(m) = m - 3*m + 2*m**2 - 5 + 4 + 3*m. Let a be v(-9). Suppose 0*z - 4*z - 27 = -s, -51 = -3*s - 3*z. What is the greatest common divisor of s and a?
19
Let j = 102 - 86. Let l = 33 - 43. Let k be 144/(-30)*l/3. Calculate the greatest common factor of k and j.
16
Let g be (-103)/(-4) - (-52)/(3536/(-51)). Calculate the greatest common divisor of 400 and g.
25
Let y = -1322 - -5006. What is the greatest common divisor of 6 and y?
6
Let z be (120/9)/4*9. Suppose -2*u - p + 102 = 0, 7*u - 202 = 3*u - p. What is the highest common factor of z and u?
10
Let v = -626 + 437. Let w = 206 + v. What is the highest common divisor of 187 and w?
17
Suppose -4*r + 2*q = -276, -4*r - 66*q = -71*q - 276. What is the highest common divisor of 23 and r?
23
Let f be (-1*(-1 + (-12 - -2)))/(1/157). Calculate the highest common divisor of 471 and f.
157
Let m(h) = -5*h**3 - 5. Let q be m(-2). Let o = q + -32. Suppose 5*f - 2*r - 51 = 4*f, 153 = 3*f + o*r. Calculate the highest common factor of 34 and f.
17
Suppose 108 = 4*j - j. Let g = 19662 + -19602. Calculate the greatest common factor of g and j.
12
Suppose 0 = -2*m - c + 5603, 84*c = -6*m + 85*c + 16845. Calculate the greatest common factor of m and 92.
46
Let c(z) = -z**2 - 33*z + 1. Let f be c(-12). Let r = 460 - f. Let n(b) = 8*b - 1. Let o be n(3). Calculate the greatest common divisor of r and o.
23
Let p be (-14502)/(-26) + (-141)/(-611). Calculate the highest common divisor of p and 868.
62
Let d = 1 + 2. Suppose -3*r - 711 = 3*w, 0 = 8*r - 11*r + w - 707. Let a be d/(-7) - r/28. What is the greatest common divisor of a and 72?
8
Let m(f) = f**2 + 7*f + 18. Let s be m(-5). Suppose s*n = 3*n + 445. Let r = -72 + n. What is the greatest common factor of 119 and r?
17
Let c(g) = -2*g**3 - 8*g**2 - 3*g + 9. Let d be c(-5). Let b = 136 - d. Let m = -23 + b. What is the highest common divisor of 117 and m?
39
Let f = -13422 + 13491. Calculate the greatest common divisor of f and 5221.
23
Suppose 2*v - 10733 + 4173 = 0. What is the highest common divisor of 10 and v?
10
Let i be 94/(-752) + (-100059)/(-24). Calculate the greatest common factor of 22 and i.
11
Let o(p) = p**3 + 26*p**2 + 28*p - 87. Let v be o(-24). Calculate the greatest common factor of v and 14803.
131
Suppose d = 4*m + 34, 6 = -5*m - 9. Let g = 171 - 93. Let t = g - d. What is the greatest common factor of 8 and t?
8
Let z(f) = 3*f**2 - 268*f + 413. Let o be z(89). What is the highest common divisor of o and 387?
9
Suppose -10*k = -59 - 1. Suppose -2*b - 158 = -5*n, -11*n + 5*b = -k*n - 155. What is the greatest common factor of n and 64?
32
Let o be -1*(-189)/((-2 - -3) + -2). Let i = o - -206. Calculate the highest common divisor of i and 68.
17
Let v = -24537 + 24870. Calculate the highest common factor of v and 171.
9
Let v be ((111/(-15))/((-456)/(-9880)))/((-2)/12). Let z(t) = t**3 + 6*t**2 - t - 4. Let g be z(-5). Calculate the greatest common factor of v and g.
26
Let o(t) = -t**2 - 8081*t + 48526. Let m be o(6). Let f(q) = -33*q**3 - 2*q**2 + 1. Let u be f(-1). Calculate the greatest common divisor of u and m.
4
Let j(m) = 2*m - 4. Let u be j(2). Suppose u*k = -6*k + 4872. Suppose -5*s - 3*b + k = 0, 0*s = 2*s - 5*b - 300. What is the greatest common factor of 20 and s?
20
Let i = 5408 + -3130. Calculate the highest common factor of i and 268.
134
Suppose -5*d - 4*f + 661 = 0, -d - f = 3*d - 520. What is the greatest common divisor of 5461 and d?
43
Let y = 113607 - 113515. Suppose 0 = -w + 8 + 15. Calculate the highest common factor of y and w.
23
Let l = 47 + -20. Suppose 12*a + 13 = 9*a + r, 4*r = -a - 26. Let y = a - -12. Calculate the highest common factor of l and y.
3
Let z(y) = -y**3 + 5*y**2 - 12*y + 40. Let b be z(4). Suppose -b*o = -1464 - 824. Let f = 56 - 30. What is the greatest common divisor of f and o?
26
Let p(o) = -3*o**3 + 23*o**2 + 18*o + 30. Let u be p(8). Calculate the greatest common factor of 2398 and u.
22
Let g = 4874 + -4853. Suppose -3*u = 4*o + 3, -10 = 5*o + u + 4*u. Let b be 566/3 + 1/o. Calculate the greatest common divisor of g and b.
21
Suppose 228 - 216 = 4*i. Suppose y - 18 = 4*y. Let m be 2/y*-39 + i. What is the greatest common factor of 48 and m?
16
Suppose -107 = -w + 297 + 44. Calculate the highest common factor of w and 14.
14
Let x = 46 - -44. Calculate the greatest common factor of x and 40.
10
Let l = -297 + 273. Let m = l + 141. What is the greatest common divisor of m and 78?
39
Let u be 34985/35 - (-40)/(-70). Calculate the greatest common divisor of u and 185.
37
Let f(q) = -9*q - 183. Let n be f(-39). What is the greatest common divisor of n and 8?
8
Suppose 17*h + 19*h + 672 = 38*h. Calculate the greatest common divisor of h and 546.
42
Let w(d) = 8*d + 132. Let q be ((-17)/15 - -1) + 4760/(-300). Let s be w(q). What is the greatest common divisor of 38 and s?
2
Let t = -16714 - -22876. Calculate the greatest common divisor of t and 156.
78
Suppose -3*m - 345 = -4*h - 0*h, 0 = 2*h - 2*m - 174. Let b be (-73)/(-7) + h/(-196). Let u be 10/(-3)*(-30)/2. What is the highest common factor of u and b?
10
Let g be (-396)/2*(-5)/10. Let i be (-30)/(-4)*(-32)/12. Let p = -9 - i. Calculate the greatest common divisor of p and g.
11
Let a be ((-15)/(-10))/(-3)*-6. Suppose -a*o + 44 = 38. Suppose -5*r - o*n = -117, 30 + 8 = 2*r + 3*n. What is the greatest common factor of r and 125?
25
Suppose 7*j = 3*z + 5*j - 1484, -5*z + 2457 = -j. Calculate the highest common factor of 945 and z.
35
Suppose 126 = 2*c - 4*z, -5*c - 3*z + 398 = 161. What is the greatest common divisor of c and 4641?
51
Let s be (6342/(-7))/(15/(-10)). Calculate the highest common factor of s and 4.
4
Let y = -2381 - -2473. What is the highest common factor of 5014 and y?
46
Let x(u) = 4*u**2 - 5*u. Let l be x(-7). Let z be 22/4*(68/6 - (-142)/213). Calculate the greatest common divisor of z and l.
33
Suppose 0 = -4*j - 2 + 22. Suppose j*z - 2 = 7*z. Let p be z/(18/4) - 385/(-315). Calculate the greatest common factor of p and 3.
1
Suppose 2*d + 30 - 2274 = -3*t, -5*t - 5685 = -5*d. What is the highest common factor of d and 203?
29
Let n(j) = -12 + 11 + 4 - 15*j - 3*j**2. Let m be n(-5). Suppose -4*h + 58 = -0*h + 2*s, -m*h = -4*s - 16. What is the highest common factor of 20 and h?
4
Let j = 5 + 7. Let d(s) = 10*s - 86. Let b be d(9). Let g be (-90)/(-36) - 2/b - -1. Calculate the greatest common divisor of g and j.
3
Let o = 3685 + -3601. Let k(i) = i**2 + 3*i. Let m be k(7). Calculate the highest common divisor of m and o.
14
Let c be ((-30)/(-18))/(35/84). Suppose -3*s + 210 = c*f, f - 4*s = 2*f - 59. What is the highest common divisor of f and 408?
51
Let p(b) = -404*b**3 - b**2 + 35*b + 75. Let a be p(-2). What is the greatest common factor of 212 and a?
53
Let f(q) = -q**2 - 105*q - 1814. Let p be f(-23). Let r = 15 - 6. Calculate the highest common factor of p and r.
9
Let v be 180/13 - (2 - -35*32/(-520)). Calculate the highest common divisor of 4 and v.
2
Let h = 17560 - 16922. What is the highest common factor of h and 580?
58
Suppose 9*g + 9319 = 13*g - t, -t + 1 = 0. What is the highest common divisor of g and 30?
10
Let l be (14 - -1)*2/6. Suppose -3*a = -b - 2*a + 213, -3*a - 9 = 0. Suppose b = r + l*r. Calculate the greatest common factor of r and 350.
35
Let q(o) = -2*o**2 + 8*o + 20. Let f be q(6). Let n be (-504)/27*(-2 + 94/f). Calculate the greatest common factor of n and 28.
28
Let b = -68952 - -68962. Suppose 2*y = 4*p + 4*y - 1232, p + 4*y = 294. What is the greatest common divisor of b and p?
10
Let s be (0 - -1) + (11 - -5). Suppose s*d 